{"id":31,"date":"2022-01-13T20:41:18","date_gmt":"2022-01-13T20:41:18","guid":{"rendered":"https:\/\/masel.info\/?page_id=31"},"modified":"2026-02-08T17:45:59","modified_gmt":"2026-02-08T17:45:59","slug":"osteopathie","status":"publish","type":"page","link":"https:\/\/masel.info\/?page_id=31","title":{"rendered":"Osteopathie"},"content":{"rendered":"\n<p>Die Osteopathie ist eine mit den H\u00e4nden ausgef\u00fchrte Behandlungsmethode, die Ende des 19. Jahrhunderts vom amerikanischen Arzt Andrew Taylor Still entwickelt wurde. Durch die Erkrankung mehrerer seiner Patienten und Kinder an Meningitis (Gehirnhautentz\u00fcndung), wurde er zutiefst ersch\u00fcttert weil er ihnen nicht helfen konnte. Er zog sich zur\u00fcck und entwickelte in jahrelangen Studien der Anatomie und Physiologie des menschlichen K\u00f6rpers, eine mobilisierende Methode zur Aktivierung der Selbstheilungskr\u00e4fte. Dazu mobilisierte er die Wirbels\u00e4ulengelenke, um die Durchblutung, die Nervenversorgung und Beweglichkeit zu verbessern. Er stellte in seinen Forschungen fest, dass Krankheit oft mit schlechter Beweglichkeit der Gelenke der Wirbels\u00e4ule und dadurch schlechter Gewebeversorgung der inneren Organe, sowie der Muskeln und des Bindegewebes einhergeht. Werden diese Blockaden gel\u00f6st, bzw. besser beweglich, kann der K\u00f6rper auf die Anforderungen des t\u00e4glichen Lebens reagieren und mit einer guten Durchblutung und Lymphversorgung sich gegen Viren und Bakterien wehren, auf k\u00f6rperliche Belastung angemessen reagieren und Stress abfedern.<br>Zum sp\u00e4teren Zeitpunkt erg\u00e4nzte William Garner Sutherland, ein Sch\u00fcler Stills seine Arbeiten und entwickelte die Cranio-Sacrale-Behandlung (Sch\u00e4del-Kreuzbein-Behandlung), ein Teilbereich der Osteopathie. Er fand heraus, dass auch hier die Beweglichkeit der Sch\u00e4delknochen und Gehirnh\u00e4ute, Muskulatur und Bindegewebe die Fluktuation der Gehirn- und R\u00fcckenmarksfl\u00fcssigkeit verbessert und somit die Vitalit\u00e4t verbessert werden kann.<br>Als letzter Teilbereich der Osteopathie kam die Behandlung der inneren Organe (viscerale Osteopathie) dazu, die u.a. von Jean-Pierre Barral aus Frankreich entwickelt wurde und auch aktuell von ihm weiter entwickelt wird.<br>Die osteopathische Behandlung dieser verschiedenen Gebiete k\u00f6nnen funktionelle St\u00f6rungen des K\u00f6rpers verbessern.<br>Hierzu versucht der Osteopath ein Gleichgewicht im K\u00f6rper herzustellen, um die Selbstheilungskr\u00e4fte zu aktivieren. Es werden Blockaden behandelt, um dort die Beweglichkeit der Wirbels\u00e4ule, Gelenke, Muskeln und B\u00e4nder (= parietale Osteopathie ), der Sch\u00e4del-Kreuzbein-Region (= cranio-sacrale-Osteopathie) und die inneren Organe und ihre Befestigungsb\u00e4nder (= viscerale Osteopahtie) zu verbessern.<br>Grunds\u00e4tzlich versteht sich die Osteopathie, als eine Therapieform die keine Krankheit behandelt, sondern einen gesamten Organismus untersucht und behandelt, der aus dem Lot geraten ist.<br>Ist der menschliche K\u00f6rper aus dem Lot geraten, kann er funktionelle Symptome wie z.B. Schmerzen im R\u00fccken, Verdauungsschwierigkeiten, Umstellungsschwierigkeiten in der Schwangerschaft und Problemen von Babys nach schweren langen Entbindungen uvm. entwickeln.<br>In dieser Phase ist der Mensch noch gesund und kompensiert, was sich durch o. g. Reaktionen bemerkbar machen kann.<br>Ist der Organismus bereits erkrankt und leidet z.B. an Herz-Kreislauf Erkrankungen, Bandscheibensch\u00e4den, Magen-Darm-Erkrankungen usw., kann die Osteopathie eine sinnvolle Unterst\u00fctzung der schulmedizinischen Behandlung sein. Wir arbeiten hier eng mit \u00c4rzten verschiedener Fachgebiete zusammen.<br>In medizinischen Notf\u00e4llen ist die Osteopathie nicht das \u201eMittel der Wahl\u201c, in diesem Fall kontaktieren Sie bitte einen Arzt.<\/p>\n\n\n<script\n  id=\"lemmyFlansch\"\n    data-token=\"87027031-62f5-43f3-9c34-f00a63aca145\"\n    data-floating-side=\"right\"\n    src=\"https:\/\/my.lemniscus.de\/js\/lemmyFlansch.js\"><!-- nicht l\u00f6schen --><\/script>","protected":false},"excerpt":{"rendered":"<p>Die Osteopathie ist eine mit den H\u00e4nden ausgef\u00fchrte Behandlungsmethode, die Ende des 19. Jahrhunderts vom amerikanischen Arzt Andrew Taylor Still entwickelt wurde. Durch die Erkrankung mehrerer seiner Patienten und Kinder an Meningitis (Gehirnhautentz\u00fcndung), wurde er zutiefst ersch\u00fcttert weil er ihnen nicht helfen konnte. Er zog sich zur\u00fcck und entwickelte in jahrelangen Studien der Anatomie und &hellip; <\/p>\n<p class=\"link-more\"><a href=\"https:\/\/masel.info\/?page_id=31\" class=\"more-link\"><span class=\"screen-reader-text\">\u201eOsteopathie\u201c <\/span>weiterlesen<\/a><\/p>\n","protected":false},"author":1,"featured_media":0,"parent":0,"menu_order":0,"comment_status":"closed","ping_status":"closed","template":"","meta":{"footnotes":""},"class_list":["post-31","page","type-page","status-publish","hentry"],"_links":{"self":[{"href":"https:\/\/masel.info\/index.php?rest_route=\/wp\/v2\/pages\/31","targetHints":{"allow":["GET"]}}],"collection":[{"href":"https:\/\/masel.info\/index.php?rest_route=\/wp\/v2\/pages"}],"about":[{"href":"https:\/\/masel.info\/index.php?rest_route=\/wp\/v2\/types\/page"}],"author":[{"embeddable":true,"href":"https:\/\/masel.info\/index.php?rest_route=\/wp\/v2\/users\/1"}],"replies":[{"embeddable":true,"href":"https:\/\/masel.info\/index.php?rest_route=%2Fwp%2Fv2%2Fcomments&post=31"}],"version-history":[{"count":3,"href":"https:\/\/masel.info\/index.php?rest_route=\/wp\/v2\/pages\/31\/revisions"}],"predecessor-version":[{"id":253,"href":"https:\/\/masel.info\/index.php?rest_route=\/wp\/v2\/pages\/31\/revisions\/253"}],"wp:attachment":[{"href":"https:\/\/masel.info\/index.php?rest_route=%2Fwp%2Fv2%2Fmedia&parent=31"}],"curies":[{"name":"wp","href":"https:\/\/api.w.org\/{rel}","templated":true}]}}